{"id":914,"date":"2018-07-01T18:34:10","date_gmt":"2018-07-01T18:34:10","guid":{"rendered":"http:\/\/weimari.hu\/?page_id=914"},"modified":"2018-07-01T18:35:22","modified_gmt":"2018-07-01T18:35:22","slug":"kullem-eredmenyek","status":"publish","type":"page","link":"http:\/\/weimari.hu\/?page_id=914","title":{"rendered":"K\u00fcllem eredm\u00e9nyek"},"content":{"rendered":"<p>Kedves Weim\u00e1ri Tulajdonosok!<\/p>\n<p>Ha van k\u00fcllem eredm\u00e9nye a kuty\u00e1dnak, l\u00e9gysz\u00edves k\u00fcld el f\u00e9nyk\u00e9pekkel, hogy fel tudjam rakni.<\/p>\n<p>&nbsp;<\/p>\n<p>K\u00f6sz\u00f6n\u00f6m<\/p>\n","protected":false},"excerpt":{"rendered":"<p>Kedves Weim\u00e1ri Tulajdonosok! Ha van k\u00fcllem eredm\u00e9nye a kuty\u00e1dnak, l\u00e9gysz\u00edves k\u00fcld el f\u00e9nyk\u00e9pekkel, hogy fel tudjam rakni. &nbsp; K\u00f6sz\u00f6n\u00f6m<\/p>\n","protected":false},"author":1,"featured_media":0,"parent":0,"menu_order":0,"comment_status":"closed","ping_status":"closed","template":"","meta":{"ngg_post_thumbnail":0},"aioseo_notices":[],"post_mailing_queue_ids":[],"_links":{"self":[{"href":"http:\/\/weimari.hu\/index.php?rest_route=\/wp\/v2\/pages\/914"}],"collection":[{"href":"http:\/\/weimari.hu\/index.php?rest_route=\/wp\/v2\/pages"}],"about":[{"href":"http:\/\/weimari.hu\/index.php?rest_route=\/wp\/v2\/types\/page"}],"author":[{"embeddable":true,"href":"http:\/\/weimari.hu\/index.php?rest_route=\/wp\/v2\/users\/1"}],"replies":[{"embeddable":true,"href":"http:\/\/weimari.hu\/index.php?rest_route=%2Fwp%2Fv2%2Fcomments&post=914"}],"version-history":[{"count":2,"href":"http:\/\/weimari.hu\/index.php?rest_route=\/wp\/v2\/pages\/914\/revisions"}],"predecessor-version":[{"id":918,"href":"http:\/\/weimari.hu\/index.php?rest_route=\/wp\/v2\/pages\/914\/revisions\/918"}],"wp:attachment":[{"href":"http:\/\/weimari.hu\/index.php?rest_route=%2Fwp%2Fv2%2Fmedia&parent=914"}],"curies":[{"name":"wp","href":"https:\/\/api.w.org\/{rel}","templated":true}]}}