{"id":756,"date":"2018-07-01T06:52:38","date_gmt":"2018-07-01T06:52:38","guid":{"rendered":"http:\/\/weimari.hu\/?page_id=756"},"modified":"2018-10-12T19:02:08","modified_gmt":"2018-10-12T19:02:08","slug":"judges","status":"publish","type":"page","link":"http:\/\/weimari.hu\/?page_id=756","title":{"rendered":"B\u00edr\u00f3k\/Judges"},"content":{"rendered":"<p>Vezet\u0151b\u00edr\u00f3\/Main Judge:<\/p>\n<p>Bajorhegyi T\u00fcnde<\/p>\n<p>&nbsp;<\/p>\n<p>B\u00edr\u00f3k\/Judges:<\/p>\n<div>B\u00e1tori Szabolcs<\/div>\n<div>Carlo de Rocchi<\/div>\n<div>Kiss R\u00f3bert<\/div>\n<div>Lad\u00e1nyi Zolt\u00e1n<\/div>\n<div>Lakatos-Wahlpetz Luca<\/div>\n<div>Marian Konyeczny (SK)<\/div>\n<div>Oberna Andr\u00e1s<\/div>\n<div>Szekeres Nikolett<\/div>\n<div>Tapaszt\u00f3 S\u00e1ndor<\/div>\n<div>Tauber Istv\u00e1n<\/div>\n<div>T\u00f6r\u00f6k Hedvig<\/div>\n<div>Zsikla Ferenc<\/div>\n","protected":false},"excerpt":{"rendered":"<p>Vezet\u0151b\u00edr\u00f3\/Main Judge: Bajorhegyi T\u00fcnde &nbsp; B\u00edr\u00f3k\/Judges: B\u00e1tori Szabolcs Carlo de Rocchi Kiss R\u00f3bert Lad\u00e1nyi Zolt\u00e1n Lakatos-Wahlpetz Luca Marian Konyeczny (SK) Oberna Andr\u00e1s Szekeres Nikolett Tapaszt\u00f3 S\u00e1ndor Tauber Istv\u00e1n T\u00f6r\u00f6k Hedvig&#8230;<\/p>\n","protected":false},"author":1,"featured_media":0,"parent":0,"menu_order":0,"comment_status":"closed","ping_status":"closed","template":"","meta":{"ngg_post_thumbnail":0},"aioseo_notices":[],"post_mailing_queue_ids":[],"_links":{"self":[{"href":"http:\/\/weimari.hu\/index.php?rest_route=\/wp\/v2\/pages\/756"}],"collection":[{"href":"http:\/\/weimari.hu\/index.php?rest_route=\/wp\/v2\/pages"}],"about":[{"href":"http:\/\/weimari.hu\/index.php?rest_route=\/wp\/v2\/types\/page"}],"author":[{"embeddable":true,"href":"http:\/\/weimari.hu\/index.php?rest_route=\/wp\/v2\/users\/1"}],"replies":[{"embeddable":true,"href":"http:\/\/weimari.hu\/index.php?rest_route=%2Fwp%2Fv2%2Fcomments&post=756"}],"version-history":[{"count":9,"href":"http:\/\/weimari.hu\/index.php?rest_route=\/wp\/v2\/pages\/756\/revisions"}],"predecessor-version":[{"id":1539,"href":"http:\/\/weimari.hu\/index.php?rest_route=\/wp\/v2\/pages\/756\/revisions\/1539"}],"wp:attachment":[{"href":"http:\/\/weimari.hu\/index.php?rest_route=%2Fwp%2Fv2%2Fmedia&parent=756"}],"curies":[{"name":"wp","href":"https:\/\/api.w.org\/{rel}","templated":true}]}}