{"id":535,"date":"2018-06-28T17:14:01","date_gmt":"2018-06-28T17:14:01","guid":{"rendered":"http:\/\/weimari.hu\/?page_id=535"},"modified":"2018-06-28T17:16:13","modified_gmt":"2018-06-28T17:16:13","slug":"kennelek","status":"publish","type":"page","link":"http:\/\/weimari.hu\/?page_id=535","title":{"rendered":"Kennelek"},"content":{"rendered":"<p>Kedves Weim\u00e1ri Teny\u00e9szt\u0151!<\/p>\n<p>&nbsp;<\/p>\n<p>K\u00e9rlek k\u00fcldj egy le\u00edr\u00e1st a kenneledr\u0151l, hogy k\u00f6zz\u00e9 tudjam itt tenni!<\/p>\n<p>&nbsp;<\/p>\n<p>K\u00f6sz\u00f6n\u00f6m<\/p>\n","protected":false},"excerpt":{"rendered":"<p>Kedves Weim\u00e1ri Teny\u00e9szt\u0151! &nbsp; K\u00e9rlek k\u00fcldj egy le\u00edr\u00e1st a kenneledr\u0151l, hogy k\u00f6zz\u00e9 tudjam itt tenni! &nbsp; K\u00f6sz\u00f6n\u00f6m<\/p>\n","protected":false},"author":1,"featured_media":0,"parent":0,"menu_order":0,"comment_status":"closed","ping_status":"closed","template":"","meta":{"ngg_post_thumbnail":0},"aioseo_notices":[],"post_mailing_queue_ids":[],"_links":{"self":[{"href":"http:\/\/weimari.hu\/index.php?rest_route=\/wp\/v2\/pages\/535"}],"collection":[{"href":"http:\/\/weimari.hu\/index.php?rest_route=\/wp\/v2\/pages"}],"about":[{"href":"http:\/\/weimari.hu\/index.php?rest_route=\/wp\/v2\/types\/page"}],"author":[{"embeddable":true,"href":"http:\/\/weimari.hu\/index.php?rest_route=\/wp\/v2\/users\/1"}],"replies":[{"embeddable":true,"href":"http:\/\/weimari.hu\/index.php?rest_route=%2Fwp%2Fv2%2Fcomments&post=535"}],"version-history":[{"count":3,"href":"http:\/\/weimari.hu\/index.php?rest_route=\/wp\/v2\/pages\/535\/revisions"}],"predecessor-version":[{"id":539,"href":"http:\/\/weimari.hu\/index.php?rest_route=\/wp\/v2\/pages\/535\/revisions\/539"}],"wp:attachment":[{"href":"http:\/\/weimari.hu\/index.php?rest_route=%2Fwp%2Fv2%2Fmedia&parent=535"}],"curies":[{"name":"wp","href":"https:\/\/api.w.org\/{rel}","templated":true}]}}